(3). What is the highest common divisor of 189 and p?
27
Let n = -5015 - -5546. Let t be ((-2)/(-4) + 0)*54. Calculate the greatest common factor of t and n.
9
Let o = -292 + 284. Let u be (-369)/(-24) + -6 - (-3)/o. Let p = -1 + 2. What is the highest common divisor of p and u?
1
Let u be (-39)/(-13) + 9 - 10. Calculate the highest common factor of 1900 and u.
2
Suppose v = -2*j - 0 + 14, 3*v + 2*j = 38. Let x be (-16)/12 - (-1240)/v. What is the highest common factor of 153 and x?
51
Let x = 33 - 29. Suppose 6 = x*v - 114. Suppose 6 = -p + v. What is the highest common divisor of 32 and p?
8
Let r(o) = o**3 + o**2 + 45*o + 2464. Let k be r(0). What is the highest common factor of k and 220?
44
Let n = -8097 - -8172. What is the greatest common divisor of 480 and n?
15
Suppose 8*r = 13*r - 11*r + 7068. What is the greatest common factor of 304 and r?
38
Suppose -64*m + 7727 = -36625. Calculate the greatest common factor of 945 and m.
63
Let l = -15802 - -18583. Calculate the highest common divisor of l and 6.
3
Let c = 249 - 244. Suppose -107 = -c*n + x, -n + x = 24 - 43. What is the highest common factor of 1 and n?
1
Suppose 780 = 2*m - 4*v, 372 = 80*m - 79*m + 4*v. What is the greatest common factor of 10624 and m?
128
Let x = -193 + 297. Suppose 0 = -21*y + 26*y - 525. Suppose 196 = 7*u + y. What is the highest common divisor of u and x?
13
Let k = 16219 - 16014. Calculate the highest common divisor of 20 and k.
5
Let d(r) = 27*r**2 - 207*r + 634. Let a be d(3). Calculate the greatest common factor of a and 6784.
128
Let u(j) = 18*j**2 - 2*j + 5. Let a = -44 + 54. Let d = 13 - a. Let k be u(d). Calculate the greatest common divisor of k and 23.
23
Let a(v) = -v**3 + 17*v**2 - 2*v + 38. Let i be a(17). Suppose -17*x + i*x + 1950 = 0. What is the highest common factor of x and 100?
50
Let v be 0/(-1) + -9 - -81. Calculate the highest common divisor of v and 112.
8
Let t = -5862 + 5957. Calculate the highest common divisor of t and 8455.
95
Let z = 23909 - 23597. What is the highest common divisor of z and 12064?
104
Suppose 1047*m = 2108*m - 1050*m - 44. Let f(j) = -38*j**3 - j**2 + j - 2. Let i be f(-2). Calculate the highest common divisor of m and i.
4
Let c(b) = 4*b**2 + 15*b - 56. Let q be c(8). Let m = q - 270. What is the greatest common factor of m and 400?
50
Let s = 6918 - 6671. Calculate the highest common divisor of 1170 and s.
13
Let r be (-10 + 672/63)*3. What is the highest common divisor of r and 2234?
2
Let l be 14 + (-9)/4*(-8)/6. Suppose -1989 - 1564 = -l*d. What is the highest common divisor of 11 and d?
11
Let i be (-5)/1 - ((-67)/4)/((-18)/(-576)). What is the greatest common factor of 45 and i?
9
Let d = 128 + -123. Suppose 0 = d*z - 365 + 90. Calculate the greatest common divisor of z and 5.
5
Let s be 15/(-18) + 17180/24. What is the highest common divisor of 1144 and s?
143
Let g(s) = -217*s - 3538. Let q be g(-18). Calculate the highest common divisor of q and 75440.
368
Suppose 29*k - 5 = 28*k. Suppose 0 = -5*z - 4*s + 701 - 106, -5*z = -k*s - 640. Let q = z - 87. What is the highest common factor of q and 18?
18
Let l(k) = 113*k**2 - 56*k + 6. Let s be l(4). What is the greatest common divisor of s and 848?
106
Let j(x) = 6*x - 38. Let b be j(12). Let q = -47 - -26. Let s = q + b. What is the greatest common factor of 169 and s?
13
Let z be 636/10 - 38/(-95). Suppose -600 - 808 = -8*l. What is the greatest common factor of l and z?
16
Let m(f) = -1 - 14*f**2 + f - 3 + f**3 - f**2. Let b(i) = i**2 - 25*i + 39. Let k be b(24). Let j be m(k). Calculate the greatest common divisor of j and 110.
11
Suppose 32*c - 1552 + 528 = 0. Let n(i) = -i - 3. Let x be n(-8). Let o be 8/20 + 398/x. Calculate the highest common divisor of c and o.
16
Let z = 365 - -130. Let h = z - 432. What is the highest common factor of h and 105?
21
Let s be 6/((-1)/(-16)*(90 - 84)). Calculate the highest common factor of s and 1336.
8
Suppose -15*s = 5*s - 12820. Let b = 907 - s. What is the greatest common factor of 14 and b?
14
Let k(r) = 2221*r - 4171. Let a be k(4). What is the highest common factor of 3 and a?
3
Let n(q) = 9*q**2 + 139*q - 996. Let m be n(9). Calculate the greatest common divisor of 120 and m.
24
Suppose 796 = 4*u + 4*g, g - 56 - 339 = -2*u. What is the greatest common factor of 224 and u?
28
Let f(t) = t**2 - t - 1. Let w be f(-2). Let m be 150 + 6 + (-4)/6*-6. Let q = m - 145. Calculate the greatest common factor of w and q.
5
Let g = 159 - 57. Let i = -21066 - -21100. Calculate the highest common divisor of g and i.
34
Let a(k) = -54*k**3 + 10*k**2 + 32*k + 112. Let b be a(-6). Calculate the greatest common factor of b and 8.
8
Let q(d) = -2*d**2 + d - 1. Let u(z) = 5*z**2 - 10*z + 6. Let j(h) = q(h) + u(h). Let s be j(3). Calculate the greatest common divisor of 115 and s.
5
Let d(h) = -348*h - 14553. Let a be d(-42). Let r be (1 - (2 - -1)) + 16. Calculate the highest common divisor of a and r.
7
Let s = 44335 + -44324. Calculate the greatest common factor of s and 52943.
11
Suppose -2*h = i - 1806, -5*h + i + 3069 + 1460 = 0. Calculate the greatest common divisor of h and 15.
5
Suppose x = -0*x + 2. Let f(k) = -73 - 76 + 146 + 3*k**x. Let h be f(-9). What is the greatest common divisor of 30 and h?
30
Suppose 5*w = 3*k + k + 106, 2*w - k - 40 = 0. Suppose w*c - 16*c + 10 = 0. Let i be (c + (-30)/(-5))/(2/304). What is the greatest common divisor of 19 and i?
19
Suppose 3404 = 140*i - 3736. What is the greatest common factor of 85 and i?
17
Let v(b) = 8*b**2 - 145*b + 92. Let f be v(19). What is the greatest common divisor of 3735 and f?
45
Let s be ((-5)/(-4))/((799/(-408))/(-47)). Let t = 45 + 23. Let r = -38 + t. Calculate the greatest common divisor of r and s.
30
Suppose -18*a - 11119 = -7650 - 50287. Calculate the highest common factor of a and 9.
9
Let j(m) = 24*m - 92. Let r be j(5). Suppose 0 = z - 3*z + 48. Let l = r - z. Calculate the highest common factor of 8 and l.
4
Suppose 4*u - 5 = 15. Suppose 4*j - 25 = -u. Suppose 70 = 5*f - 3*l, 0 = -j*l - 0*l. What is the highest common factor of f and 14?
14
Suppose -2*a - 6*z + 23 = -3*z, -5*a = 2*z - 41. Let f be 15/(-12)*(-3 + a) + 31. What is the greatest common factor of f and 65?
13
Let v(w) = -10*w**3 - w**2 + 12. Let h be v(0). Calculate the greatest common factor of 8886 and h.
6
Let z(x) = x**2 - 4*x - 156. Let d be z(-11). Let n = -34 - -48. Let s = n - d. What is the highest common divisor of s and 1?
1
Let x be 4158/539*(41 + -6). Calculate the greatest common factor of 96 and x.
6
Suppose -3*d + 5*q = 163, 0 = -4*d + 3*d - q - 65. Suppose 2*z - 5*z = -315. Let f = d + z. Calculate the greatest common divisor of 11 and f.
11
Let b be 1/(5*1/5). Let n be (b - (-50 + 3))*(-81)/(-12). Suppose -n = -55*k + 49*k. Calculate the greatest common divisor of 18 and k.
18
Let p = -18 + 27. Let x(j) = 20*j**2 - 256*j - 50. Let v be x(13). Calculate the highest common factor of v and p.
1
Suppose 18*b = 9 + 783. Let l be ((-108)/90)/((-2)/55). Calculate the highest common divisor of b and l.
11
Let n = 15756 + -15474. What is the highest common factor of n and 4?
2
Let r = 345 - 313. Let w = -25 + r. What is the greatest common factor of w and 343?
7
Let d(y) = 3*y**2 + 2*y + 4. Let x be d(4). Let h be 7 + 1 + -1 - (-124 + -19). Calculate the greatest common divisor of x and h.
30
Suppose 5*q - 245 = -5*p, 27 + 25 = q - 2*p. Calculate the highest common divisor of q and 1175.
25
Suppose -2*q = -0*q - 6. Suppose 0 = q*i - 4*f - 246, 4*i + 5*f - 309 = 4*f. What is the highest common factor of i and 117?
39
Suppose 37654*i - 37650*i = 104. Calculate the greatest common factor of i and 12857.
13
Let k be (54/(-3))/(3 + -1). Let u(f) = -f**2 - 12*f - 21. Let m be u(k). Let y = -37 - -61. Calculate the greatest common factor of m and y.
6
Suppose 3*w + u = 1210, u + 1057 = 4*w - 568. Calculate the highest common factor of w and 10.
5
Let y = 113 - 77. Suppose -20386*x = -20119*x - 1068. Calculate the highest common factor of x and y.
4
Let h = -49592 + 84229. What is the highest common factor of h and 19?
19
Suppose 5*w - 1915 = -5*z, -4*w - 1128 = -5*z + 2*z. Suppose z*d + 576 = 384*d. What is the greatest common divisor of d and 18?
18
Let y(h) = -97*h - 597. 